 -17. Suppose 0 = -3*p + m*y - 2*y + 199, -4*y = 4*p - 292. What is the tens digit of p?
6
Suppose 0 = 4*i + 5*k - 3893, 3*i - 2915 = 10*k - 9*k. What is the hundreds digit of i?
9
Let n(x) be the third derivative of -x**5/30 + 29*x**4/24 - 29*x**3/6 - 39*x**2. What is the units digit of n(13)?
0
What is the units digit of (19719/2)/3 + 14/28?
7
Let l(d) = d**3 - 7*d**2 + 7*d - 10. Let q be l(7). What is the tens digit of (-3 - -3 - -2) + q?
4
Suppose 5*u - 37 = -5*h + 2*h, -h = -2*u + 17. What is the tens digit of (1596/u)/7*2?
5
Let i(y) = 10 - y**2 - 2 + 5*y - 15*y + 0. Let u = 6 - 12. What is the tens digit of i(u)?
3
Let j(s) be the third derivative of -s**6/60 + s**5/30 + 5*s**4/24 - s**3/3 - 14*s**2. What is the units digit of j(-3)?
5
Let m = 45 + -42. Suppose m*b - 137 = -2*r - 18, 4*r - 223 = -b. What is the tens digit of r?
5
Suppose -21*z + 52 = -20*z. Suppose 47 = 4*r + s, 5*s = -4*r + z - 9. What is the units digit of (-2)/r + (-57)/(-18)?
3
Let d(l) = -23*l - 23. Suppose r + 12 - 42 = 5*y, r = -3*y - 26. What is the tens digit of d(y)?
3
What is the units digit of ((-23257)/(-91))/(3/21)?
9
Let b = 7 - -187. What is the hundreds digit of b?
1
Suppose 2*d - 15 = -3*d. Suppose -d*p - 8*p = -1155. What is the hundreds digit of p?
1
Suppose 108 = f + 3*u - 461, 3*f + 4*u = 1727. What is the tens digit of f?
8
Let a(h) = -h**3 + 7*h**2 - 4*h + 9. Let n be a(6). Let l be (-3)/(-6) + (-3 - 102/4). What is the units digit of (-6)/n + (-736)/l?
6
Suppose -4*t = 3*h + 20 - 53, 2*h + 47 = 5*t. Let p = -9 + t. Suppose p = n + 3*n - 152. What is the units digit of n?
8
Let f = 18 + -15. Let s(o) = f*o + 19*o**2 - 4*o - 1 + 0*o. What is the tens digit of s(-1)?
1
Let y be 0 - ((-2 - -2) + -14). Let p be (174/(-18) + 9)/((-4)/42). Suppose 5*i = p*i - y. What is the units digit of i?
7
Suppose -5*h - n = -12, -3*h + 2*h - n = 0. Suppose 4*g = 2*g + 4. Suppose -g*s + 133 = h*u, 5*s + 10 = u - 23. What is the units digit of u?
3
Suppose 4*h - 5*h = -314. Let m = 533 - h. What is the units digit of m?
9
Let z(q) = 8*q. Suppose p + p - 3*k = 0, -4*k = 2*p - 14. Suppose 5*s - p = 4*s. What is the tens digit of z(s)?
2
Let z be 0 + (-3 - -2 - -3). Suppose -a + 4 = 2*s - 0*a, z*s - 2 = -2*a. Suppose 3*f = s*w + 2*f - 10, -5*w + 14 = -f. What is the units digit of w?
2
Let o(p) be the second derivative of -p**5 - p**4/12 + p**3/3 + 3*p**2/2 + 17*p. What is the units digit of o(-2)?
5
Let g(m) = m**2 + 7*m - 4. Let i be g(-8). Suppose 2*a = i*a. Suppose 5*h + 0*h - 270 = a. What is the units digit of h?
4
What is the tens digit of 2/(-35) + (-6175576)/(-3080)?
0
Let f(s) = s**3 + 1127. Let p be f(0). Suppose 0 = 2*o + 5*o - p. What is the units digit of o?
1
Let i = -40 - -7. Let o = i - -39. Suppose 28 + 68 = o*z. What is the tens digit of z?
1
What is the units digit of (4/(-18))/((-5)/68715)?
4
Suppose -6 - 14 = 4*j, -3*s - 2*j + 2159 = 0. What is the hundreds digit of s?
7
Let h(r) = 542*r**2 - 2*r - 2. Let f be h(-1). Suppose 4*l - 58 - f = 0. What is the tens digit of l?
5
Let f(m) = m**2 + 14*m - 4. Let u be f(-10). Let c = u + 88. What is the tens digit of (-163)/(-11) + 8/c?
1
Suppose 2*w = 4*w - 4*q - 276, -2*w + 2*q + 286 = 0. Let i = w - 89. What is the tens digit of i?
5
Let k(j) be the first derivative of 13*j**2/2 - 3*j + 5. Suppose -5*t - 5 = -5*s, 3*s - 1 - 12 = -2*t. What is the units digit of k(t)?
3
Suppose 5*p = 4*p - 2, -4*p = -h + 209. What is the units digit of h?
1
Let a(m) = -m**3 + m**2. Let t be a(0). Suppose -2*n + 2*l + 54 + 48 = t, 3*l = -3*n + 171. What is the units digit of n?
4
Suppose -5*p + 0*p + 6 = 4*b, -5*b + 16 = 2*p. What is the units digit of (-20)/6*p - 12/(-36)?
7
Suppose 0 = 26*o - 10*o - 47584. What is the units digit of o?
4
Let t(f) = 6*f + 11. Let x be 55/7 - 8/(-56). What is the units digit of t(x)?
9
Suppose 3*y + t = 28, 5*t = -3*y + 16 + 28. Let f = y - 4. Suppose m - f*m = -9. What is the units digit of m?
3
Let q = 1664 - 1131. Let x = q - 359. What is the units digit of x?
4
Suppose -6*j + 4*j = 24. What is the tens digit of (-1065)/(-6) + -2*3/j?
7
Suppose -n = 2*y - 507, 0 = -2*y + 5*y + 5*n - 750. Suppose 6*k - y = 213. What is the tens digit of k?
7
Suppose 4*s + 5*b + 977 = 0, 258 = -s - 0*s - 4*b. Let o = s - -353. Let c = o + -68. What is the units digit of c?
7
Let q(r) = -1393*r + 65. What is the tens digit of q(-2)?
5
Suppose -b + 1 = 0, -7 = 3*r - 4*r - 3*b. Suppose -r*l = -9*l + 5. What is the units digit of 15 + -3 + (-2 - l)?
9
Let w be (-14)/(-4) - (-1)/(-2). Suppose 0 = 3*v + 5 - 11. Suppose 5 = 3*a + p, w*a - v = -0*a - 4*p. What is the units digit of a?
2
Let r = 26 - 23. Suppose 5*w - s - 2*s = 21, 21 = 2*w + r*s. Let l = w - 5. What is the units digit of l?
1
Let l(t) = -t**2 - 7*t + 1. Let y be l(-6). Suppose -3*s = -y*s + 8. Suppose s*a - 4*r = 44, 2*a + 3*a = 5*r + 135. What is the tens digit of a?
3
Suppose -5*o + 9*o - 48 = 0. Let p be (-506)/o - 4/(-24). Let a = p - -61. What is the units digit of a?
9
Suppose 4 = p + p. Suppose 2*s = 4*r - 3*s + 42, -2*r - 2*s - 12 = 0. What is the tens digit of p + (-2)/(r/172)?
4
Let u(s) = -s - 12. Let d be u(-15). What is the tens digit of d*4/66 + 2964/33?
9
Suppose 3*h + 3*i - 1563 - 231 = 0, 3*h - 1802 = -5*i. What is the tens digit of h?
9
Suppose -5*l + 6 = -2*l. Suppose 6*s + 15 = s + 5*y, -4 = -l*s - 3*y. What is the units digit of (-6 - -2)/s + 12?
6
Let d(b) = -1127*b - 36. What is the tens digit of d(-1)?
9
Let j = 60 - 55. Suppose -693 = -j*i + 267. What is the units digit of i?
2
Let x be (-12)/(-3) + 8 + -24. Let j be (24/9)/(8/x). Let w(c) = -10*c - 5. What is the units digit of w(j)?
5
What is the tens digit of 3/(-36)*-8*6702/4?
1
Let d(x) be the second derivative of -4*x**3/3 - 31*x**2/2 + 26*x. What is the units digit of d(-6)?
7
Suppose -19211 = -13*r + 224. What is the hundreds digit of r?
4
Let y be (-274)/(-14) - (-12)/28. Suppose 3*f - 13 = y. What is the units digit of f?
1
Suppose -4*q + 0*q = 24. Let z = q - -46. What is the units digit of z?
0
Let z be (0 - 614/3)*-3. Suppose r = t + 145, -2*t - z - 117 = -5*r. What is the hundreds digit of r?
1
Suppose -5*i - 2*t + 1391 = -4*i, 3*t + 4173 = 3*i. What is the thousands digit of i?
1
Suppose 0 = 4*n + 19 + 1, 0 = -4*v + 3*n + 15. Suppose 0 = 5*a + 15, v = 3*h + h - 5*a - 639. What is the units digit of h?
6
What is the tens digit of (-15)/((-75)/(-10)) - (-2271)/3?
5
Let m(p) be the first derivative of -p**2/2 + 5*p - 2. Suppose -10*x - 8 = -12*x. What is the units digit of m(x)?
1
Let i(k) = 2*k**2 - 26*k + 2820. What is the hundreds digit of i(0)?
8
Suppose 25 = -19*r + 20*r. What is the tens digit of r?
2
Let w = 105 - 149. Let j(z) = -z**2 - 7*z + 6. Let c be j(-6). Let d = c - w. What is the units digit of d?
6
Let z(o) = o**2 - 10*o - 30. What is the units digit of z(-6)?
6
Suppose -3*j - 63 = 3. What is the units digit of 10/(-55) - 708/j?
2
Suppose 7*c = 10437 + 4109. What is the hundreds digit of c?
0
What is the units digit of (-9)/(0 + 9) + (-4306)/(-2)?
2
Let w = -125 + 81. What is the units digit of 11/(w/(-608)) - 5?
7
Let i = 55 + -81. Let p = 7 - -54. Let w = p + i. What is the units digit of w?
5
Let k(g) be the first derivative of -2*g**3/3 + g**2/2 + 51*g + 81. Let u(q) = q + 7. Let x be u(-7). What is the tens digit of k(x)?
5
Suppose t - j - 6 = 0, -3*t + 2*j - j + 22 = 0. Suppose 5*s - 491 = -t*o + 4*o, 3*s = o + 281. What is the tens digit of s?
9
Suppose -3*r = 1 + 29. What is the tens digit of (-2)/((-7)/((-2975)/r))?
8
Suppose -2*o - 559 = -17*a + 14*a, -a + 5*o = -208. What is the hundreds digit of a?
1
Suppose -4*b - 21 - 3 = 0. Let o be (-30)/(-12) - (-3)/b. Suppose -t + 4*t = z + 74, o*z - 105 = -5*t. What is the tens digit of t?
2
Let t = 379 + 73. What is the hundreds digit of t?
4
Let g(f) = -8*f**2. Let v be g(1). Let w(r) be the first derivative of r**3/3 + 5*r**2/2 - 6*r + 108. What is the units digit of w(v)?
8
What is the units digit of (-1 - (-16 + 276))*(-32)/3?
4
Suppose 16*w - 2368 = 20032. What is the tens digit of w?
0
Let k(r) = r + 2. Let t be k(4). Suppose t*j + 31 = -137. Let h = j - -45. What is the tens digit of h?
1
Let n = -170 + 1046. What is the tens digit of n?
7
Suppose -3*m - b - 10 = 0, 4*b - 2 + 3